 17 = 4*o - 2*z, -2*o - 5 = 5*z. Suppose -25 = 6*c - c. Let k = -4 - c. Calculate the highest common divisor of k and o.
1
Let h(o) = -o**3 - 5*o**2 + 4*o + 4. Suppose -2 = -3*y + 4*a, y - 9 = -0*y + 3*a. Let x be h(y). Calculate the highest common divisor of 176 and x.
16
Let r = 23 + -41. Let m be 1/2*2 - r. Let a = -12 + m. Calculate the highest common divisor of a and 56.
7
Let b(q) = -q**3 + q**2 + q - 37. Let o be b(0). Let a = 114 + o. What is the greatest common divisor of 11 and a?
11
Let x(a) = -a**2 + 27*a - 40. Let v be x(25). Calculate the greatest common divisor of 5 and v.
5
Let f be (-2)/6 + (-7)/(-3). Suppose f*p - 6*p + 108 = 0. Calculate the greatest common factor of p and 3.
3
Let r = 36 - 29. Let g(m) = 7*m + 7. Let p be g(7). Calculate the greatest common factor of r and p.
7
Suppose -p = 5*k + 8, -p + 2*k + 78 = 3*p. Let m be 2/(((-18)/15)/3). Let s = m + p. Calculate the greatest common factor of s and 12.
12
Suppose 0 = 3*s + 15, -3*o - 4*s = -o + 14. Calculate the highest common divisor of 27 and o.
3
Let o(a) = -4*a**3 + 7*a**3 - 3 - a**2 - a + 0*a**3 + 1. Let x be o(2). Calculate the greatest common factor of x and 64.
16
Suppose 0 = -m - 0*m + 10. What is the greatest common divisor of m and 10?
10
Let l(b) = b**3 + 11*b**2 + 11*b + 15. Let x be l(-10). Suppose 0*k = -x*k + 95. Calculate the greatest common divisor of 190 and k.
19
Suppose 6 = -3*t, -h + 0*t + 4*t = -35. Suppose -5*v - 22 = -2*p - v, 2*p + 6 = -3*v. What is the greatest common factor of p and h?
3
Suppose 2*r + 58 = -0*r. Let m = -18 - r. Let v(f) = 3*f**2 - 10*f + 9. Let h be v(8). Calculate the highest common divisor of h and m.
11
Let b(p) = p**3 - p**2 - 4*p + 6. Let k be b(3). What is the highest common factor of k and 30?
6
Suppose 4*b = -0*b + 28. Suppose -b = -2*p + 5. What is the highest common divisor of 12 and p?
6
Suppose 24 = -50*l + 51*l. Suppose 4*a = 83 + 109. Calculate the greatest common divisor of l and a.
24
Let l be 224/12*6/4. Let v(h) = h**3 - 9*h**2 + 12*h - 4. Let o be v(8). Suppose -n = n - o. What is the highest common divisor of n and l?
14
Let t(g) = 81*g - 1. Let y be t(1). Let c = 23 - 7. What is the greatest common factor of c and y?
16
Let q = -8 + -7. Let t = q - -21. Let b be 1 - (0 + 1) - 1 - -7. What is the highest common divisor of b and t?
6
Suppose 4*b - k = 2*b + 198, -b + 5*k + 99 = 0. What is the greatest common divisor of 9 and b?
9
Let s(x) be the third derivative of -x**4/12 - 2*x**3/3 - 7*x**2. Let t be s(-5). What is the greatest common divisor of t and 15?
3
Suppose 5*b - 4*l = -73, 3*b = 6*b - 5*l + 36. Let i = b - -38. Let r be ((-280)/(-25))/((-2)/(-15)). What is the highest common factor of i and r?
21
Suppose 0 = 2*z + 3*t - 2 - 3, 4*z + 4*t - 12 = 0. Let j be (18/15)/(z/50). Calculate the highest common divisor of j and 3.
3
Suppose 4*d - 3 = -7. Let c = 5 + d. What is the highest common factor of c and 10?
2
Let t be -2*(-1 - -2) - -4. Suppose t*w - 60 = -3*w. Suppose -21 = -3*f + 15. Calculate the greatest common divisor of f and w.
12
Let m = 56 + -40. What is the greatest common factor of m and 4?
4
Suppose -4*v - 15 - 1 = 0. Let k be 20 - -3*v/6. What is the greatest common factor of k and 72?
18
Let s be (-38)/14 - (-4)/(-14). Let u be -4*(3 - 5) + s. What is the highest common divisor of 55 and u?
5
Let m be (-6)/(-2) + 0/1. Suppose c + m*c = -3*k + 25, -3*c + 15 = k. Let y be 5/((-5)/c)*-1. Calculate the highest common factor of y and 32.
4
Let g be 2 - 1/((-3)/9). Suppose g*o = o + 28. Let d be 78 + (-3 + 0)/3. What is the highest common factor of d and o?
7
Suppose q - 4*q + 27 = 0. What is the greatest common divisor of 81 and q?
9
Suppose 12 = 2*h - g - 3*g, 4*g = -2*h - 4. What is the greatest common divisor of 54 and h?
2
Suppose 60 = 5*f - 45. Suppose 4*x + 19 = 5*q - 0*x, 5*x = -2*q + 34. Calculate the highest common divisor of f and q.
7
Let z = -9 + 14. Suppose 2*y - 10 = -4*t, z*t - 2 + 12 = 5*y. What is the highest common factor of y and 12?
3
Let q(p) = 15*p - 9. Let l be q(6). Suppose l = 4*w + 17. Calculate the greatest common factor of w and 8.
8
Let v be -4*43*-1 + (-4)/1. What is the greatest common factor of v and 21?
21
Suppose -5*w + 0*w + 380 = 4*d, -4*d + 4*w + 380 = 0. What is the highest common divisor of d and 38?
19
Suppose 4*t = 3*x + 67, 3*t + 0*x = -3*x + 45. Calculate the highest common divisor of t and 4.
4
Let r(l) = -l**3 + 7*l**2 + l - 4. Let u be r(7). Suppose -n - 110 = -u*n. Calculate the greatest common factor of n and 5.
5
Let f(j) = 2*j**2 + 2*j + 1. Let t be f(2). Let q = -8 + t. Suppose 4*n - q*n - 35 = -u, -u = 5*n - 5. What is the greatest common divisor of u and 10?
10
Let j be ((-5)/20)/((-3)/12). Let o(m) = 7*m - 1. Let r be o(j). Calculate the greatest common factor of 24 and r.
6
Let c be 2*34 + -2 + -1. Suppose 4*d = -2*p + 42, 2*d - 5*p + 14 = 5*d. What is the greatest common divisor of d and c?
13
Suppose 4*f - 8*f = -5*a - 20, -3*f = -4*a - 15. Suppose -2*t + t + 80 = a. Calculate the highest common factor of t and 16.
16
Suppose -3*x - 74 = -7*x + 2*b, 5*x - 80 = 5*b. What is the greatest common factor of 231 and x?
21
Suppose 0 = 3*h - 3, 2*h - 64 = -o + 88. Let a(i) = -i**3 - i**2 + 15. Let v be a(0). Calculate the greatest common factor of v and o.
15
Suppose 5*n = 67 - 17. Calculate the greatest common factor of n and 10.
10
Let m(a) = -a - 12. Let b be m(-12). Suppose b = -3*f + 2*f + 14. What is the highest common factor of f and 35?
7
Suppose 4 - 18 = -i. Suppose -112 = -3*l + 14. What is the greatest common factor of i and l?
14
Let p be ((-12)/(-15))/((-4)/(-10)). Suppose -p = -2*j + 4. What is the greatest common divisor of 12 and j?
3
Let m be -1*(8 - 1)*-1. Let r = m + -2. Calculate the greatest common divisor of 10 and r.
5
Let d be 3/4 + (-185)/(-20). Suppose -5*l + 184 = -166. Suppose 0*t + t = l. What is the highest common divisor of d and t?
10
Suppose a + 20 = 3*a - 5*d, d = 0. Let s(f) = 15*f + 5. Let p be s(7). Calculate the highest common factor of a and p.
10
Let f = 120 + -115. What is the highest common factor of f and 5?
5
Let h(q) = 5*q**2. Let z be h(6). Suppose 0 = -a - 3*a + 2*t + z, 0 = -a + t + 44. What is the highest common divisor of 115 and a?
23
Let n be ((-1)/2)/(3/(-12)). Calculate the greatest common factor of 8 and n.
2
Let g be 0/4 - (-2 - -7). Let t = g + 10. Calculate the greatest common divisor of t and 15.
5
Let w(x) = x**2 - 7*x + 1. Let j be w(7). Let o(c) = 11*c**3 + c**2 + c - 1. Let g be o(j). What is the greatest common divisor of 4 and g?
4
Let r be (-1 - -2)/((-1)/(-4)). Suppose -37 = -k - k + 5*i, r*i + 12 = 0. Suppose -5*t + 241 = -254. Calculate the highest common factor of k and t.
11
Let p be (-7)/(-2)*20/2. Let q = 49 - p. Let n = q + 16. What is the highest common factor of n and 10?
10
Let y(k) = -k - 5. Let m be y(-10). Let r = -23 - -77. Suppose 4*p - 33 - 18 = z, m*p + 2*z = r. What is the highest common factor of p and 3?
3
Suppose 5*u = f + 9, f + 3 = u + u. Calculate the greatest common divisor of 5 and f.
1
Let w = -287 - -431. What is the highest common divisor of w and 18?
18
Let n be (-174)/(-1) - (-5 + 3). Calculate the greatest common factor of 16 and n.
16
Suppose -r = 3*r + 36. Let n = 24 + r. Let m be 1 + (75 - 3) - -2. Calculate the greatest common divisor of n and m.
15
Let y(i) = -3*i**2 - 4*i + 4. Let k(u) = -10*u**2 - 11*u + 13. Let o(s) = 2*k(s) - 7*y(s). Let j be o(-7). What is the highest common divisor of j and 15?
5
Suppose -3*q - 7 = -3*l + 29, -q = 5*l - 60. What is the greatest common divisor of 108 and l?
12
Suppose 0*k = -3*k + 33. Let g(c) = 2*c - 1. Let h be g(2). Suppose 0 = 2*y - 3*y - 5*q + 114, h = q. Calculate the highest common factor of y and k.
11
Suppose 2*g - 129 + 9 = 0. Calculate the highest common factor of 150 and g.
30
Suppose 0 = k - 5*r + 10, 2*r - 42 = -5*k + 4*r. What is the highest common factor of k and 1?
1
Suppose -m + 3*j = -2*m + 1, j = m - 9. Let a = m + -2. Calculate the greatest common divisor of a and 1.
1
Let z(d) = -d**3 - 2*d**2 + d - 4. Let c be z(-3). Let a be 1 + -2*c*-1. Let l = 157 + -117. What is the highest common divisor of l and a?
5
Suppose 4*k = -0*q - q + 20, -15 = -3*k - 2*q. Suppose -58 - 77 